1542 - w. What are the prime factors of y?
2, 3, 5
Suppose 5*l = -40, -3*g + 16848 = l - 39817. What are the prime factors of g?
3, 2099
Suppose -5*z - 2964 = -5*m + 2491, 0 = -3*m - 4*z + 3238. What are the prime factors of -5 + 11 + -7 + (m - 1)?
2, 271
Let u(m) be the third derivative of -m**5/60 + 7*m**4/24 + 3*m**3/2 - 21*m**2 + 1. List the prime factors of u(5).
19
Let q = -255 - -249. Let j(h) = 5*h**2 + 5*h + 26. Let y(n) = n. Let f(k) = j(k) + 4*y(k). List the prime factors of f(q).
2, 19
Let h be (6 - (-28)/(-8))*(3 - -15). Let y = 99 - h. List the prime factors of y.
2, 3
Let g(s) = -s - 1. Let n be (1 - 18/14) + (-1200)/(-280). Let o(f) = -27. Let k(c) = n*g(c) - o(c). List the prime factors of k(3).
11
Suppose -45*o - 9084 + 152814 = 0. Let b = o - 1751. What are the prime factors of b?
3, 13, 37
Let n be -4 - 45/10*-18. Let u = n - -62. Let a = 219 - u. What are the prime factors of a?
2, 5
Let l be -5*942/(-6)*1. What are the prime factors of 2/(-5 + 3935/l)?
157
Let x(l) = -l**2 + l - 1. Let w(t) = 9*t**2 + t - 12. Let b(n) = w(n) - 3*x(n). List the prime factors of b(-6).
3, 5, 29
List the prime factors of ((201/5)/3)/(-45*(-21)/1271025).
67, 269
Let c(t) = -209*t + 92. Let h be (3/(-5))/((-16)/(-80)). List the prime factors of c(h).
719
Let i(g) = -3*g + 8. Let c be i(-32). What are the prime factors of 15522/c + (-1)/4?
149
Suppose 6*z + 3003 = 615. Let o = 616 + z. Let d = o - 40. What are the prime factors of d?
2, 89
Suppose 19672 = 3*r + 6292. Let g be (-1*2 - -1)/((-10)/r). What are the prime factors of (g/(-4))/(3/(-6))?
223
Suppose 4*m - 20 = -2*p, -5*p - 5*m = 19 - 84. Suppose 3*n - p*n + 611 = 0. List the prime factors of n.
47
Let l(o) = 2*o**2 + 3*o - 9. Let i be -5 - (-16)/8 - -7. What are the prime factors of l(i)?
5, 7
Suppose 25 = c - 4. Let m = c - 24. Suppose m*r = 161 + 69. What are the prime factors of r?
2, 23
Suppose 15*p + 42501 - 69396 = 0. List the prime factors of p.
11, 163
List the prime factors of 251035/35 - (-130)/(-91).
71, 101
Suppose -151*j + 115*j - 656405 + 2833145 = 0. List the prime factors of j.
3, 5, 29, 139
Let g(f) = f**2 - 4*f + 5. Let v be g(4). Suppose 3*r = v*w + 22, -w = -5*r + 3*w + 15. What are the prime factors of (1*(r + 243))/(4 - 2)?
11
Let r be 2 - ((-4)/3)/(14/(-21)). Suppose h + 3 - 56 = r. What are the prime factors of h/3 - (-1)/((-9)/6)?
17
Let h be 1/(3*(-1)/3)*519. Let v = h - -1403. What are the prime factors of v?
2, 13, 17
What are the prime factors of (567/(-45))/((-3)/16470)?
2, 3, 7, 61
Let j(q) = 4*q**3 - 2*q**2 + 52*q - 139. List the prime factors of j(19).
43, 641
Let z(i) = -3*i**2 - 14*i + 55. Let s(g) = 3*g**2 + 13*g - 53. Let m(q) = -5*s(q) - 6*z(q). What are the prime factors of m(21)?
1657
Let n(w) = -w - 8. Let k be n(-13). Suppose -10*g + 9*g = -k. Suppose -5*o + 5*y = -8*o + 433, 4*y = g*o - 697. What are the prime factors of o?
3, 47
Suppose 55*u = 53*u + 7702. List the prime factors of u.
3851
Let q = -94 - -96. Suppose -193 = -4*y + 5*i, -y = i - q*i - 48. Suppose -4*m - 3*p + y = 0, -3*p - 7 = -5*m + 18. List the prime factors of m.
2
Suppose -2 = 5*c + 4*j, 0 = 2*c + 5*j - j + 8. Suppose 1345 = m + 2*m - 2*z, 0 = 5*m + c*z - 2247. List the prime factors of m.
449
Let c be -4 + (-57)/(-15) + (-6286)/(-5). Let h = -364 + c. List the prime factors of h.
19, 47
Let t be 1*15*110/50. Suppose -3*p = -s - 22, -4*p + 5*s = -0*s - t. Suppose p*u = 65 - 9. List the prime factors of u.
2
Let t(f) = 15*f + 25. Let z be (3 - 11) + 3/1. Let w(l) = -7*l - 12. Let s(p) = z*w(p) - 2*t(p). What are the prime factors of s(3)?
5
Let j(y) = -y + 32. Let s be j(19). List the prime factors of 11/s + -1 - (-41778)/143.
2, 73
Suppose -3*m + 30745 = 2*t, 40992 = -15*m + 19*m + 3*t. List the prime factors of m.
3, 17, 67
Let c(a) be the second derivative of a**5/20 + 5*a**4/12 - a**3/2 - 3*a**2/2 + 2*a - 9. Let u be (-1)/(-1 - -2)*5. List the prime factors of c(u).
2, 3
Let j be 3*(-8)/(-16)*-64. What are the prime factors of 0 - (j/4 - -2)?
2, 11
Let v be (-7)/42*2*-51. What are the prime factors of (-17)/v*(-1 + -5)?
2, 3
Let u(x) be the first derivative of 9*x + 11/2*x**2 + 14 - 16/3*x**3 - 1/4*x**4. What are the prime factors of u(-17)?
3, 37
Suppose 2*d - 3 = -g, -5*g - 2*d + 27 = 2*d. Let l(m) = 3*m**3 - 6*m**2 - 16*m + 20. What are the prime factors of l(g)?
643
Let d(r) = -r**3 + 5*r + 4. Suppose 2*g = -2*u - 2*g + 12, 5*u = -3*g + 37. Suppose -o + 4 = u. What are the prime factors of d(o)?
2, 3
List the prime factors of (-14)/(-7) - (-3 + -7259 - 7).
11, 661
Suppose 53*n - 49*n - 115272 = 3*o, -2*o = 16. What are the prime factors of n?
2, 3, 7
Let l be (-16506)/(-26) - -1 - 142/(-923). What are the prime factors of l/16*(14 + 2)?
2, 3, 53
Suppose -3*j + 95 - 13 = 2*s, 3*j - 47 = 5*s. What are the prime factors of 126/j*3640/30?
7, 13
Let r(m) be the first derivative of m**3/3 + 6*m**2 + 12*m + 29. Let h be r(-12). List the prime factors of (-3)/1 - (h + -198).
3, 61
Suppose -4*b = -t - 87184, 20*b - 17*b + 3*t = 65403. List the prime factors of b.
71, 307
Suppose 6339 = -22*d + 149031. What are the prime factors of d?
2, 3, 23, 47
Let b = -649 + 2651. What are the prime factors of b?
2, 7, 11, 13
Let u = 51317 + -27211. List the prime factors of u.
2, 17, 709
Let a(i) = i - 8. Let o be a(12). Suppose 3*g - 8 - 2 = -5*t, 0 = g - o*t - 9. Suppose m = -g*c - 4*m + 1065, c = -2*m + 208. What are the prime factors of c?
2, 109
Let t = 35 + -35. Suppose t = 75*v - 69*v - 1584. List the prime factors of v.
2, 3, 11
Suppose b + 2*o = 3770, 25*b + 4*o = 22*b + 11318. List the prime factors of b.
2, 1889
Let u = 74787 - 33712. What are the prime factors of u?
5, 31, 53
Let u(z) = z - 1. Let o be u(1). Suppose -236 = y + 3*n + 461, o = 5*n - 25. What are the prime factors of (-4 + 102/24)*y/(-2)?
89
What are the prime factors of (-41582)/(-51)*(1/(-2) - -2)?
1223
Let m(f) = -2*f**2 + 41*f - 7. Let y be (-4)/(-6)*714/28. Suppose 1 = l - y. What are the prime factors of m(l)?
83
Let j = -197 + 4233. What are the prime factors of j?
2, 1009
Suppose -13*k + 48175 = -91328. What are the prime factors of k?
3, 7, 73
Suppose -4*h = -4*w + 8, 5*h = 2*w + 2*h. Let f(a) = 10*a + 4. Let p be f(w). Suppose -99 = -5*m - p. What are the prime factors of m?
7
Let l(r) = 1295*r + 216. What are the prime factors of l(5)?
6691
Suppose -12*v + 24 = -20*v. Let p(a) = 44*a + 4. Let c(f) = 45*f + 5. Let h(d) = v*c(d) + 2*p(d). What are the prime factors of h(-4)?
181
What are the prime factors of (-7660)/(-25)*(4 + 1)?
2, 383
Let j = 3 + -8. Let g be j/((-60)/(-152))*3. Let r = 57 + g. What are the prime factors of r?
19
Let p(m) = -563*m - 6420. What are the prime factors of p(-13)?
29, 31
Let n be 36/48 - 1797/(-4)*1. Suppose 444*m + 7554 = n*m. What are the prime factors of m?
1259
Let w = -962 - -1888. Let y = w + -384. What are the prime factors of y?
2, 271
Let k = -44 - -44. Suppose -q - 5*q + 1608 = k. List the prime factors of q.
2, 67
Suppose 18*g = 15*g - 126. What are the prime factors of (-6)/(-3 + 0) - (2 + g)?
2, 3, 7
Suppose -480 = -2*k - 1344. List the prime factors of (-9)/(-15)*5 - k.
3, 5, 29
Let f be (-8)/(-8) + -763*2 + 2. Let a = 2295 + f. List the prime factors of a.
2, 193
Let i = -110 - -114. Suppose -i*p - 4*a = -1564, 1949 = 9*p - 4*p + 2*a. List the prime factors of p.
389
Suppose -23 = 3*h + 2*a, 0 = -4*a + 2 - 6. Let c(i) = -33*i + 35. List the prime factors of c(h).
2, 7, 19
Suppose -56218 + 21147 = -17*j. List the prime factors of j.
2063
Suppose 3*p + k = 3090, 8*p - 4*k - 3075 = 5*p. What are the prime factors of p?
3, 7
Suppose 0 = 6*m + 2*m - 168. Suppose m*y + 2228 = 21380. List the prime factors of y.
2, 3, 19
Let d(w) = w**3 + 4*w**2 + 7*w + 9. Let j be d(-6). Suppose 17*c + 473 = 3482. Let k = j + c. List the prime factors of k.
2, 3
Suppose j - 6295 = -j - 3*o, 3*j - 9465 = 3*o. Suppose 83*q = 87*q - j. Suppose 4*l - p + 233 = 1013, -4*l + 3*p = -q. List the prime factors of l.
2, 97
Let l(c) = -c**3 - c**2 + 6*c + 1586. Let r be l(0). What are the prime factors of r/14 + (-26)/91?
113
Let n(q) = -119*q - 205*q + 13*q - 80*q - 27. Let k be n(-5). Suppose -k - 424 = -14*m. What are the prime factors of m?
2, 3, 7
Suppose -17 - 26 = u - 3*r, u + 39